{"id":1494,"date":"2023-04-04T08:34:38","date_gmt":"2023-04-04T08:34:38","guid":{"rendered":"http:\/\/194.99.20.79:8981\/?page_id=1494"},"modified":"2023-07-13T14:34:05","modified_gmt":"2023-07-13T12:34:05","slug":"stacja-klasyfikacji-pojazdow","status":"publish","type":"page","link":"https:\/\/www.traxelektronik.pl\/site\/oferta\/stacja-klasyfikacji-pojazdow\/","title":{"rendered":"Stacja klasyfikacji pojazd\u00f3w"},"content":{"rendered":"\t\t<div data-elementor-type=\"wp-page\" data-elementor-id=\"1494\" class=\"elementor elementor-1494\">\n\t\t\t\t\t\t<section class=\"elementor-section elementor-top-section elementor-element elementor-element-0d166df elementor-section-boxed elementor-section-height-default elementor-section-height-default\" data-id=\"0d166df\" data-element_type=\"section\" data-e-type=\"section\">\n\t\t\t\t\t\t<div class=\"elementor-container elementor-column-gap-default\">\n\t\t\t\t\t<div class=\"elementor-column elementor-col-100 elementor-top-column elementor-element elementor-element-59177d0\" data-id=\"59177d0\" data-element_type=\"column\" data-e-type=\"column\">\n\t\t\t<div class=\"elementor-widget-wrap elementor-element-populated\">\n\t\t\t\t\t\t<section class=\"elementor-section elementor-inner-section elementor-element elementor-element-3942232 elementor-section-boxed elementor-section-height-default elementor-section-height-default\" data-id=\"3942232\" data-element_type=\"section\" data-e-type=\"section\">\n\t\t\t\t\t\t<div class=\"elementor-container elementor-column-gap-default\">\n\t\t\t\t\t<div class=\"elementor-column elementor-col-50 elementor-inner-column elementor-element elementor-element-a0db3eb\" data-id=\"a0db3eb\" data-element_type=\"column\" data-e-type=\"column\">\n\t\t\t<div class=\"elementor-widget-wrap elementor-element-populated\">\n\t\t\t\t\t\t<div class=\"elementor-element elementor-element-d403b4d elementor-widget elementor-widget-image\" data-id=\"d403b4d\" data-element_type=\"widget\" data-e-type=\"widget\" data-widget_type=\"image.default\">\n\t\t\t\t<div class=\"elementor-widget-container\">\n\t\t\t\t\t\t\t\t\t\t\t\t\t\t\t<img fetchpriority=\"high\" decoding=\"async\" width=\"258\" height=\"300\" src=\"https:\/\/www.traxelektronik.pl\/site\/wp-content\/uploads\/2023\/06\/4J1A5863-258x300.jpg\" class=\"attachment-medium size-medium wp-image-2455\" alt=\"\" srcset=\"https:\/\/www.traxelektronik.pl\/site\/wp-content\/uploads\/2023\/06\/4J1A5863-258x300.jpg 258w, https:\/\/www.traxelektronik.pl\/site\/wp-content\/uploads\/2023\/06\/4J1A5863.jpg 600w\" sizes=\"(max-width: 258px) 100vw, 258px\" \/>\t\t\t\t\t\t\t\t\t\t\t\t\t\t\t<\/div>\n\t\t\t\t<\/div>\n\t\t\t\t\t<\/div>\n\t\t<\/div>\n\t\t\t\t<div class=\"elementor-column elementor-col-50 elementor-inner-column elementor-element elementor-element-8f307df\" data-id=\"8f307df\" data-element_type=\"column\" data-e-type=\"column\">\n\t\t\t<div class=\"elementor-widget-wrap elementor-element-populated\">\n\t\t\t\t\t\t<div class=\"elementor-element elementor-element-32b7be4 elementor-widget elementor-widget-ucaddon_list_offer\" data-id=\"32b7be4\" data-element_type=\"widget\" data-e-type=\"widget\" data-widget_type=\"ucaddon_list_offer.default\">\n\t\t\t\t<div class=\"elementor-widget-container\">\n\t\t\t\t\t\n<!-- start List - oferta -->\n\t\t<link id='font-awesome-css' href='https:\/\/www.traxelektronik.pl\/site\/wp-content\/plugins\/unlimited-elements-for-elementor\/assets_libraries\/font-awesome6\/fontawesome-all.min.css' type='text\/css' rel='stylesheet' >\n\t\t<link id='font-awesome-4-shim-css' href='https:\/\/www.traxelektronik.pl\/site\/wp-content\/plugins\/unlimited-elements-for-elementor\/assets_libraries\/font-awesome6\/fontawesome-v4-shims.min.css' type='text\/css' rel='stylesheet' >\n\n<style>\/* widget: List - oferta *\/\n\n\n\n#uc_list_offer_elementor_32b7be4{\n  display:grid;\n}\n\n#uc_list_offer_elementor_32b7be4 .ue-list-item\n{\n  display:flex;\n}\n\n\n#uc_list_offer_elementor_32b7be4 .ue-list-item-image img\n{\n  max-width:100%;\n}\n#uc_list_offer_elementor_32b7be4 .ue-list-item-text *{\n  margin-bottom:0px;\n}\n\n#uc_list_offer_elementor_32b7be4 .ue-list-item-index\n{\n  flex-grow:0;\n  flex-shrink:0;\n  display:flex;\n  align-items:center;\n  justify-content:center;\n  line-height:1em;\n}\n\n#uc_list_offer_elementor_32b7be4 .ue-list-item-index svg\n{\n  height:1em;\n  width:1em;\n}\n\n#uc_list_offer_elementor_32b7be4 .ue-list-item-content\n{\n  flex-grow:1;\n  display: flex;\n  justify-content: space-between;\n}\n#uc_list_offer_elementor_32b7be4 .ue-list-item .ue-list-item-text\n{\n  width: 69%;\n}\n#uc_list_offer_elementor_32b7be4 .ue-list-item h3\n{\n  width: 30%;\n}\n#uc_list_offer_elementor_32b7be4 .ue-list-item hr\n{\n  width: 100%;\n}\n#uc_list_offer_elementor_32b7be4 .ue-list-item-content p\n{\n  margin: 0;\n}\n\n<\/style>\n\n<div id=\"uc_list_offer_elementor_32b7be4\" class=\"ue-list uc-items-wrapper  \"  >\n  <div class=\"ue-list-item elementor-repeater-item-16f8d58\">\n  \n  <div class=\"ue-list-item-content\">\n      <h3 class=\"ue-list-item-title\">SKP<\/h3>\n          <div class=\"ue-list-item-text\"><p>Pomiar i rejestracja nat\u0119\u017cenia ruchu drogowego<\/p><\/div>\n      <\/div>\n  <hr>\n<\/div>\n<div class=\"ue-list-item elementor-repeater-item-523a988\">\n  \n  <div class=\"ue-list-item-content\">\n      <h3 class=\"ue-list-item-title\">Klasyfikacja<\/h3>\n          <div class=\"ue-list-item-text\"><p>Klasyfikator umo\u017cliwia pomiar nat\u0119\u017cenia ruchu na czterech pasach<br \/>9 typ\u00f3w pojazd\u00f3w (wg. standardu 8+1)<br \/>grupa dok\u0142adno\u015bci A2<\/p><\/div>\n      <\/div>\n  <hr>\n<\/div>\n\n  \n<\/div>\n<!-- end List - oferta -->\t\t\t\t<\/div>\n\t\t\t\t<\/div>\n\t\t\t\t\t<\/div>\n\t\t<\/div>\n\t\t\t\t\t<\/div>\n\t\t<\/section>\n\t\t\t\t<section class=\"elementor-section elementor-inner-section elementor-element elementor-element-acceb22 elementor-section-boxed elementor-section-height-default elementor-section-height-default\" data-id=\"acceb22\" data-element_type=\"section\" data-e-type=\"section\">\n\t\t\t\t\t\t<div class=\"elementor-container elementor-column-gap-default\">\n\t\t\t\t\t<div class=\"elementor-column elementor-col-100 elementor-inner-column elementor-element elementor-element-996a14b\" data-id=\"996a14b\" data-element_type=\"column\" data-e-type=\"column\">\n\t\t\t<div class=\"elementor-widget-wrap elementor-element-populated\">\n\t\t\t\t\t\t<div class=\"elementor-element elementor-element-5358e74 offer-tabs elementor-tabs-view-horizontal elementor-widget elementor-widget-tabs\" data-id=\"5358e74\" data-element_type=\"widget\" data-e-type=\"widget\" data-widget_type=\"tabs.default\">\n\t\t\t\t<div class=\"elementor-widget-container\">\n\t\t\t\t\t\t\t<div class=\"elementor-tabs\">\n\t\t\t<div class=\"elementor-tabs-wrapper\" role=\"tablist\" >\n\t\t\t\t\t\t\t\t\t<div id=\"elementor-tab-title-8731\" class=\"elementor-tab-title elementor-tab-desktop-title\" aria-selected=\"true\" data-tab=\"1\" role=\"tab\" tabindex=\"0\" aria-controls=\"elementor-tab-content-8731\" aria-expanded=\"false\">PARAMETRY POMIAROWE<\/div>\n\t\t\t\t\t\t\t\t\t<div id=\"elementor-tab-title-8732\" class=\"elementor-tab-title elementor-tab-desktop-title\" aria-selected=\"false\" data-tab=\"2\" role=\"tab\" tabindex=\"-1\" aria-controls=\"elementor-tab-content-8732\" aria-expanded=\"false\">POZIOM DOK\u0141ADNO\u015aCI<\/div>\n\t\t\t\t\t\t\t\t\t<div id=\"elementor-tab-title-8733\" class=\"elementor-tab-title elementor-tab-desktop-title\" aria-selected=\"false\" data-tab=\"3\" role=\"tab\" tabindex=\"-1\" aria-controls=\"elementor-tab-content-8733\" aria-expanded=\"false\">FUNCKCJE DODATKOWE<\/div>\n\t\t\t\t\t\t\t\t\t<div id=\"elementor-tab-title-8734\" class=\"elementor-tab-title elementor-tab-desktop-title\" aria-selected=\"false\" data-tab=\"4\" role=\"tab\" tabindex=\"-1\" aria-controls=\"elementor-tab-content-8734\" aria-expanded=\"false\">POZOSTA\u0141E PARAMETRY<\/div>\n\t\t\t\t\t\t\t<\/div>\n\t\t\t<div class=\"elementor-tabs-content-wrapper\" role=\"tablist\" aria-orientation=\"vertical\">\n\t\t\t\t\t\t\t\t\t<div class=\"elementor-tab-title elementor-tab-mobile-title\" aria-selected=\"true\" data-tab=\"1\" role=\"tab\" tabindex=\"0\" aria-controls=\"elementor-tab-content-8731\" aria-expanded=\"false\">PARAMETRY POMIAROWE<\/div>\n\t\t\t\t\t<div id=\"elementor-tab-content-8731\" class=\"elementor-tab-content elementor-clearfix\" data-tab=\"1\" role=\"tabpanel\" aria-labelledby=\"elementor-tab-title-8731\" tabindex=\"0\" hidden=\"false\"><p><strong>Ilo\u015b\u0107 kana\u0142\u00f3w pomiarowych:<\/strong> 8 ( 4 pasy ruchu) dla jednego klasyfikatora<br \/><strong>Wielko\u015bci mierzone:<\/strong> kierunek jazdy, pr\u0119dko\u015b\u0107, d\u0142ugo\u015b\u0107,klasa pojazdu, odleg\u0142o\u015b\u0107 mi\u0119dzy pojazdami, czas zaj\u0119to\u015bci p\u0119tli<br \/><strong>Dane obliczane:<\/strong> ilo\u015b\u0107 pojazd\u00f3w, nat\u0119\u017cenie ruchu w okre\u015blonych klasach pojazd\u00f3w, pr\u0119dko\u015b\u0107 \u015brednia, przekroczenia pr\u0119dko\u015bci, udzia\u0142 pojazd\u00f3w spe\u0142niaj\u0105cych zadane parametry, poziom swobody ruchu<\/p><\/div>\n\t\t\t\t\t\t\t\t\t<div class=\"elementor-tab-title elementor-tab-mobile-title\" aria-selected=\"false\" data-tab=\"2\" role=\"tab\" tabindex=\"-1\" aria-controls=\"elementor-tab-content-8732\" aria-expanded=\"false\">POZIOM DOK\u0141ADNO\u015aCI<\/div>\n\t\t\t\t\t<div id=\"elementor-tab-content-8732\" class=\"elementor-tab-content elementor-clearfix\" data-tab=\"2\" role=\"tabpanel\" aria-labelledby=\"elementor-tab-title-8732\" tabindex=\"0\" hidden=\"hidden\"><p><strong>Zliczanie pojazd\u00f3w:<\/strong> poziom dok\u0142adno\u015bci &gt;99%<br \/>Grupa dok\u0142adno\u015bci A2<\/p><\/div>\n\t\t\t\t\t\t\t\t\t<div class=\"elementor-tab-title elementor-tab-mobile-title\" aria-selected=\"false\" data-tab=\"3\" role=\"tab\" tabindex=\"-1\" aria-controls=\"elementor-tab-content-8733\" aria-expanded=\"false\">FUNCKCJE DODATKOWE<\/div>\n\t\t\t\t\t<div id=\"elementor-tab-content-8733\" class=\"elementor-tab-content elementor-clearfix\" data-tab=\"3\" role=\"tabpanel\" aria-labelledby=\"elementor-tab-title-8733\" tabindex=\"0\" hidden=\"hidden\"><ul>\n<li>zegar czasu rzeczywistego<\/li>\n<li>automatyczna kalibracja<\/li>\n<li>autodiagnostyka<\/li>\n<li>mo\u017cliwo\u015b\u0107 zdalnej zmiany oprogramowania<\/li>\n<\/ul><\/div>\n\t\t\t\t\t\t\t\t\t<div class=\"elementor-tab-title elementor-tab-mobile-title\" aria-selected=\"false\" data-tab=\"4\" role=\"tab\" tabindex=\"-1\" aria-controls=\"elementor-tab-content-8734\" aria-expanded=\"false\">POZOSTA\u0141E PARAMETRY<\/div>\n\t\t\t\t\t<div id=\"elementor-tab-content-8734\" class=\"elementor-tab-content elementor-clearfix\" data-tab=\"4\" role=\"tabpanel\" aria-labelledby=\"elementor-tab-title-8734\" tabindex=\"0\" hidden=\"hidden\"><p><strong>Interfejs komunikacyjny:<\/strong> ethernet,RS-485,RS-232<br \/><strong>Pami\u0119\u0107 wewn\u0119trzna:<\/strong> 1 GB (Compact Flash)<br \/><strong>Element detekcyjny:<\/strong> p\u0119tle indukcyjne<br \/><strong>Wymiary p\u0119tli:<\/strong> 200&#215;200 cm z odst\u0119pem 200 cm<br \/><strong>Ilo\u015b\u0107 zwoj\u00f3w:<\/strong> 4<br \/><strong>Parametry \u015brodowiskowe:<\/strong> temperatura: -40C &#8211; 70C, wilgotno\u015b\u0107 wzgl\u0119dna: 0-100% RH<\/p><\/div>\n\t\t\t\t\t\t\t<\/div>\n\t\t<\/div>\n\t\t\t\t\t\t<\/div>\n\t\t\t\t<\/div>\n\t\t\t\t<div class=\"elementor-element elementor-element-fffe13c elementor-widget elementor-widget-ucaddon_download_file\" data-id=\"fffe13c\" data-element_type=\"widget\" data-e-type=\"widget\" data-widget_type=\"ucaddon_download_file.default\">\n\t\t\t\t<div class=\"elementor-widget-container\">\n\t\t\t\t\t\n<!-- start Pobierz plik -->\n<style>\/* widget: Pobierz plik *\/\n\n#uc_download_file_elementor_fffe13c{\n\tdisplay: flex;\n\tjustify-content: end;\n}\n#uc_download_file_elementor_fffe13c .content{\n\tdisplay: flex;\n\twidth: fit-content;\n  \talign-items: center;\n  \tborder: 1px solid #C0C9D8;\n  \tbackground-color: #fff;\n  \tpointer-events: none;\n}\n\n#uc_download_file_elementor_fffe13c .text-holder{\n\tpadding: 0 15px;\n}\n#uc_download_file_elementor_fffe13c .text-holder p{\n\tmargin: 0;\n}\n#uc_download_file_elementor_fffe13c .content button {\n\tbackground-color: #F5F5F5;\n  \theight: 55px;\n\tborder-radius: 6px 0px 0px 6px;\n  \tdisplay: flex;\n\talign-items: center;\n  \tjustify-content: center;\n  \tpadding: 0 30px;\n\tfont-weight: 600;\n  \tpointer-events: auto;\n}\n#uc_download_file_elementor_fffe13c .content button:hover {\n\tbackground-color: #171796;\n}\n#uc_download_file_elementor_fffe13c .content button:hover a{\n\tcolor: #fff;\n}\n#uc_download_file_elementor_fffe13c .content:hover{\n\tbackground-color: #F5F5F5;\n}\n#uc_download_file_elementor_fffe13c .content a {\n\tcolor: #555;\n  \twidth: 89px;\n}\n#uc_download_file_elementor_fffe13c .content a i{\n\tmargin-left: 15px;\n}\n\n<\/style>\n\n<div id=\"uc_download_file_elementor_fffe13c\">\n  <div class=\"content\">\n    <div class=\"text-holder\">\n      <p>Karta katalogowa PDF<\/p>\n    <\/div>\n    <button>\n      <a href=\"https:\/\/traxelektronik.pl\/site\/\/wp-content\/uploads\/2023\/05\/SKP-6-klasyfikator.pdf\">Pobierz<i class=\"fa fa-arrow-down\"><\/i><\/a>\n    <\/button>\n  <\/div>\n<\/div>\n<!-- end Pobierz plik -->\t\t\t\t<\/div>\n\t\t\t\t<\/div>\n\t\t\t\t\t<\/div>\n\t\t<\/div>\n\t\t\t\t\t<\/div>\n\t\t<\/section>\n\t\t\t\t\t<\/div>\n\t\t<\/div>\n\t\t\t\t\t<\/div>\n\t\t<\/section>\n\t\t\t\t<\/div>\n\t\t","protected":false},"excerpt":{"rendered":"<p>SKP Pomiar i rejestracja nat\u0119\u017cenia ruchu drogowego Klasyfikacja Klasyfikator umo\u017cliwia pomiar nat\u0119\u017cenia ruchu na czterech pasach9 typ\u00f3w pojazd\u00f3w (wg. standardu 8+1)grupa dok\u0142adno\u015bci A2 PARAMETRY POMIAROWE POZIOM DOK\u0141ADNO\u015aCI FUNCKCJE DODATKOWE POZOSTA\u0141E PARAMETRY PARAMETRY POMIAROWE Ilo\u015b\u0107 kana\u0142\u00f3w pomiarowych: 8 ( 4 pasy ruchu) dla jednego klasyfikatoraWielko\u015bci mierzone: kierunek jazdy, pr\u0119dko\u015b\u0107, d\u0142ugo\u015b\u0107,klasa pojazdu, odleg\u0142o\u015b\u0107 mi\u0119dzy pojazdami, czas zaj\u0119to\u015bci&#8230;<\/p>\n","protected":false},"author":1,"featured_media":0,"parent":1314,"menu_order":0,"comment_status":"closed","ping_status":"closed","template":"offer_page_template.php","meta":{"_acf_changed":false,"_kad_post_transparent":"","_kad_post_title":"","_kad_post_layout":"","_kad_post_sidebar_id":"","_kad_post_content_style":"","_kad_post_vertical_padding":"","_kad_post_feature":"","_kad_post_feature_position":"","_kad_post_header":false,"_kad_post_footer":false,"_kad_post_classname":"","footnotes":""},"class_list":["post-1494","page","type-page","status-publish","hentry"],"acf":[],"_links":{"self":[{"href":"https:\/\/www.traxelektronik.pl\/site\/wp-json\/wp\/v2\/pages\/1494","targetHints":{"allow":["GET"]}}],"collection":[{"href":"https:\/\/www.traxelektronik.pl\/site\/wp-json\/wp\/v2\/pages"}],"about":[{"href":"https:\/\/www.traxelektronik.pl\/site\/wp-json\/wp\/v2\/types\/page"}],"author":[{"embeddable":true,"href":"https:\/\/www.traxelektronik.pl\/site\/wp-json\/wp\/v2\/users\/1"}],"replies":[{"embeddable":true,"href":"https:\/\/www.traxelektronik.pl\/site\/wp-json\/wp\/v2\/comments?post=1494"}],"version-history":[{"count":32,"href":"https:\/\/www.traxelektronik.pl\/site\/wp-json\/wp\/v2\/pages\/1494\/revisions"}],"predecessor-version":[{"id":2853,"href":"https:\/\/www.traxelektronik.pl\/site\/wp-json\/wp\/v2\/pages\/1494\/revisions\/2853"}],"up":[{"embeddable":true,"href":"https:\/\/www.traxelektronik.pl\/site\/wp-json\/wp\/v2\/pages\/1314"}],"wp:attachment":[{"href":"https:\/\/www.traxelektronik.pl\/site\/wp-json\/wp\/v2\/media?parent=1494"}],"curies":[{"name":"wp","href":"https:\/\/api.w.org\/{rel}","templated":true}]}}